 - -1)?
-45
What is (4 - 4) + -10 - ((38 - 48) + 6)?
-6
Evaluate -5 + -2 + 3 - ((-84 - 11) + 104).
-13
Evaluate (-3361 - -3328) + (-3 - -2) + -12.
-46
What is the value of 31 + -31 - (-6 + (4 + -3 - 5)) - 48?
-38
What is (26 - 8) + -36 + 33?
15
Evaluate (-1 + 1 + -3 - 1) + (22 - (-55 + 30)).
43
What is 21 - (7 - (-41 + 69))?
42
What is -3 - (58 + -12) - (-1 + -1 + 5)?
-52
What is the value of (30 - 0 - (117 + -74)) + (-3 - -91)?
75
Calculate 15 - (-19 + (102 - 36)).
-32
Calculate (-11 + 5 - 17 - 4) + -10 - 10.
-47
What is the value of -718 + 728 - ((4 - 4) + 1 + -26)?
35
What is the value of 55 + (46 - (38 + 50))?
13
Calculate (2 - -4) + -11 + (-21 - -83) - (0 + 0).
57
What is the value of -69 - (29 - 75) - 24?
-47
What is (1 + -4 - 2) + (-7 - -5) + 21?
14
Evaluate (-114 - -48) + (-19 - -21).
-64
Calculate (-5563 - -5613) + (-64 - 2).
-16
What is (-151 - 66 - -76) + 49?
-92
18 + (65 + -45 - (1 - (-5 + 33)))
65
10 - ((-37 - -1 - -3) + (3 - 1))
41
Calculate -76 + -4 + -19 + 13 - (-6 - 1) - 0.
-79
Calculate 8 + (-5 - 15) + -79 + -5 + 3 + -8.
-101
Calculate (-31 + -47 - -150) + 19 + 1.
92
Calculate (-6 - -69) + (20 - 63).
20
What is the value of 6 - -6 - (2 + -5) - (-449 - -445)?
19
What is the value of (-2 + 11 + -13 - -48) + 6 - 10?
40
Evaluate (1763 - 1747) + 1 + 1 + 0 + -6 + 3.
15
Calculate (2 - 55) + -19 + 5 + -2.
-69
What is the value of 12 + -59 - -54 - 8?
-1
What is (9 - (14 - (-4 - -3)) - (-1 + 1)) + -19?
-25
Evaluate 174 + -45 + 12 + -47.
94
What is 0 + (113 - 136) + 1 + 37?
15
Evaluate 24 + 88 + -34 - -56.
134
Calculate (325 - 396) + -28 + (2 - 2).
-99
Calculate 121 - ((-112 - -85) + -3 + -1 + (23 - 6)).
135
Calculate 107 + (25 - 6 - (-103 - -139)).
90
Evaluate 20 + 12 + 14 + -75.
-29
Calculate 31 + (5 - (1 - 2)) + 28 + -10.
55
Calculate 2 - (83 - 2 - (21 + -16 + -21)).
-95
Evaluate -23 + 43 + -12 + -23 - (-81 + -1).
67
What is 1 - 5 - ((-12 - -13 - (26 + -11)) + 0)?
10
What is (-49 - 4) + 31 + 23?
1
-9 - (9 - (16 + (-2 - -11))) - -85
92
-16 - (-31 - (14 - 26)) - 42
-39
What is the value of 31 + (-20 - -35 - (8 - -7))?
31
Evaluate -85 + 116 + -139 - -186.
78
530 - 425 - (13 - 0)
92
-51 + 101 + -48 + (29 - (-5 + 3))
33
What is (-69 - -94) + (5 - -2) + 8?
40
87 - 14 - (-486 - -537)
22
(-81 - -151) + (6 - (-22 + (-3 - -8)))
93
104 + -1970 + 1932 + (-1 - -9)
74
Evaluate -93 + (-59 - -74 - (-27 - -13)).
-64
(-39 + -13 - -10) + 30 - 123
-135
Evaluate 27 - 1 - (1409 - 1437).
54
What is the value of 18 + (-5 + 8 - (-37 - -24))?
34
35 - (-23 + 34 + -18 + 11)
31
What is -107 - (1 + -15 + -10 + 43 + -26 - -1)?
-101
21 + (-1 - (2 - 3)) - (69434 - 69433)
20
Evaluate 5 + -48 + 97 + -23.
31
What is -11 + (-9 - (5 + (55 - 13 - 12)))?
-55
Evaluate -18 - (269 - 273 - ((51 - -2) + 4)).
43
What is (10 + -5 - -27) + -6 + 99 + -83?
42
15 + (-10 + 12 - (5 - -73) - -17)
-44
-1 + -71 + (65 - (-26 - 21 - -121))
-81
-28 + 2 + -3 + 1661 + -1669
-37
Calculate 63 + -142 + 61 + -18.
-36
Calculate -7 + 7 + -25 - -40.
15
Evaluate 80 + -46 + (35 - 30).
39
Evaluate 30 + 11 + -18 - 10.
13
Evaluate (-31 - -45) + -16 + -13 + 11 + -10.
-14
What is the value of (698 - 689) + (-1 + 3 - (-2 - -22))?
-9
What is -21 + (-2 - (-2 + -1 + (7 - -6))) - 14?
-47
What is the value of (-9 - -7 - 4) + 1 - (-10 + 15 - -13)?
-23
What is the value of 0 + 15 + (-61 - (7 + (1 - 15)))?
-39
Evaluate 12 + (0 - (30 + -9)) - 30.
-39
What is the value of 11 + 11 + (-11 - -8) + -7 + -55?
-43
What is the value of (184 - 262) + 6 + 25?
-47
What is the value of -24 - ((12 - 8) + (-7 - 7)) - (-1 - -20)?
-33
What is the value of 133 + (-37 - (-1 + (26 - 69)))?
140
Calculate 45 + 12 + -66 + 34 - 114.
-89
Evaluate 0 - (-23 - (-58 + (-9 - -32))).
-12
What is the value of -84 + 49 + 11 - 2?
-26
-80 + 59 + -44 + 28
-37
What is the value of 125 + -285 + 30 + 159?
29
Calculate -15 + 9 + -8 + -11 + (-81 - -63).
-43
What is 34 + (-51 - -31 - 10) + (-110 - -1)?
-105
Evaluate 48 + -64 - (7 + 2 - -1).
-26
What is the value of 11 + 10 + -4 + 11 + 18?
46
Calculate 5073 + -5027 + (-89 - -1).
-42
What is -7 + (28 - (-21 + 50 - 9))?
1
What is (85 - (12 + 26)) + (-10 - 1) + -1 + 1?
36
Calculate 0 + -69 - ((-61 - -138 - 63) + 2 + -11).
-74
Evaluate (54 + -56 - -67) + (3 - 2) + 2.
68
-19 - (18 - (49 + (-10 - -28)))
30
Evaluate (36 - -22 - 10) + (19 - 5) + -7.
55
-43 + (61 - (28 - -13))
-23
Calculate (201 - 104) + (54 - 131).
20
Evaluate 4 - ((-5 + -1 - -1) + (36 - -125) + -113).
-39
58 + -88 + 50 - (1 - -102)
-83
(11 + 1 - ((41 - 73) + 32)) + -101
-89
Evaluate (0 - -51) + 23 + -31 + 31 + -32.
42
What is the value of 0 + -37 - (16341 + -16373)?
-5
Evaluate (64 - 145 - -18) + 79.
16
What is (11 - 45) + 7 + 8 - 2 - (8 - 16)?
-13
Calculate (-22 - ((18 - (62 + -18)) + (13 - -1))) + 114.
104
(116 - 47) + -49 - (-22 - -1)
41
38 + 10 + -10 + -15 - -1
24
What is (-5 + 20 - -8) + -37 + 19?
5
Evaluate (-6 - (120 - -2)) + (0 - (-26 + (-10 - -23))).
-115
3 - 0 - (-69 + -67 + 87)
52
Calculate -1333 + 1262 + (10 - -2 - (1 + 3 - 3)).
-60
Evaluate (-8 - -1) + (4 - (-150 + 74)).
73
Calculate -3 + -22 + 59 + -7.
27
What is -6 + 4 - (9 + -8 + (-16 - -5))?
8
Evaluate -1 + 4 - (-100 - -61) - (18 - 10 - 11).
45
What is the value of 2 + -43 + 41 - (-67 + -4 + 0 + 3)?
68
(-9 - (20 - (-50 - (17 - 21)))) + 0
-75
What is 71 + -63 + 40 + -9?
39
What is the value of 12 - (4 - 11) - (31 - -23)?
-35
Evaluate -18 - (-4 + 3 - (-54 - -52)).
-19
Calculate (8 - 0) + 6 + 17 - -12.
43
Calculate (-8 - (-2 - 1)) + (16 - 26 - 6 - 16).
-37
Calculate (-90 - (-65 - -16)) + 51.
10
Calculate (-67 - -6) + 32 + 125 + (-7 - -2).
91
What is the value of 9 + 31 + (2 - 53)?
-11
-28 + (-23 + 13 - -20) - (4 + -14)
-8
Evaluate (-13 - -31 - (-18 + 30)) + -14 + 0.
-8
Calculate -5093 - -5103 - (-21 + 0).
31
Evaluate -2 + (18 - (1 - -11) - 13) + -48.
-57
-8 + (80 - 112 - -61)
21
What is (41 - (98 + -47)) + 7 + (-1 - 1)?
-5
80 + -40 - 161 - 7 - -18
-110
Evaluate 1 + 20 + (17 - (51 - 35)).
22
What is the value of (-6 - -3) + 18 + -94 + 78 - (6 + 0)?
-7
What is the value of 7 + -6 - (194 + -215)?
22
What is -1 + -1 + (22 + (-23 - 15) + 40 - -108)?
130
What is the value of 4 + -1 + (782 - 795) + (-64 - -4)?
-70
Evaluate 13 + -17 + -1 + 13 + 33 + 9 + -19.
31
Evaluate (-3631 - -3513) + 97 + 1.
-20
(1 - 3) + -43 + -2 - (-248 - -244)
-43
Evaluate (6 - (-11 - (-8 - 12))) + -6 + 16 - -33.
40
Calculate (107 - (20 - -16)) + 1 + -6 - -19.
85
Evaluate -78 + 67 - 11 - (-72 + 1) - (4 + -1).
46
What is the value of 3 + -2 - -9 - (-3 - (93 + 11 + -6))?
111
41 - -13 - (-13 + 61)
6
Evaluate -2 + (-1 + -10 - ((5 - 7) + -8)) - -17.
14
What is the value of (-71 - 1 - (-7 - (-4 + 0))) + (-3376 - -3384)?
-61
34 + (-13 + -2 - (102 + -114)) + 7
38
What is the value of (461 - 485) + (2 - 17)?
-39
(4 - ((0 + -14 + -44 - 6) + 3)) + 7
72
(0 - -11 - 1) + -2 + (19 - (-20 + 15))
32
Calculate 14 - (7 + (16 - 14)) - (2 - 7) - 28.
-18
Calculate 0 + 11 - (196 + 80 + -203).
-62
7 + -1 + (7 - (-30 + (4 + 36 - 15)))
18
What is -32 + 10 - -17 - (9 - 5 - (1 + -69))?
-77
What is the value of -4 + (13 - 170) + 71?
-90
What is the value of (26 - (48 + -61)) + -125 + 19?
-67
Evaluate 30 + -45 + 14 + 1 - -15.
15
Evaluate (17 - (-2 - -4) - (-64 - -11 - -46)) + 7.
29
What is 3 + 63 + -2 + 1319 + -1328?
55
-73 - ((56 - (83 - 44)) + -1 + 1)
-90
Calculate -7 - -21 - 49 - -61.
26
Calculate 20 - (108 - (74 + 38)).
24
Evaluate 6 + -57 + 98 + -18.
29
(102 - 209) + 163 - 94
-38
Calculate -4 - -7 - (-33 + (1 - 10)) - (0 - 0).
45
What is -2464 + 2485 - (24 + -1) - (0 - -22 - -3)?
-27
Evaluate 7 + -9 + -1 + (-102 - -97) - 59.
-67
10 + (3 + (10 - 5 - 4) + -9 - 5)
0
-1 + -1 - (192 - 178)
-16
Calculate -5 + 28 + -44 + (100 - 14).
65
Evaluate (-42 - (-44 + 26)) + -3 + 2.
-25
What is 6237 - 6249 - (-1 - 1)?
-10
-94 + (-20 + 40 + -20 - -3 - 11)
-102
What is the value of (0 - -38) + (-2 - 2) + 53 + -53?
34
What is the value of 0 + -17 - (-2 + 12 - ((-6 - -27) + -4))?
-10
Calculate -16 - (-137 + 99 - (3 + -147)).
-122
What is -5 - (-8 - (-67 - -40 - (0 - 8)))?
-16
What is the value of 409 + -423 - (-47 + 0) - -43?
76
Evaluate 53 - (-1 - -10 - (-274 + 257) - 17).
44
Evaluate 69 + -2 + (16 - (21 - 1)) + -16.
47
(-22 + 3 - -13) + 1 - 4
-9
What is (69 + -55 - -37) + -59 - (-133 - 1)?
126
What is the value of -5 + 0 + -8 + (-11 - (-39 + 13))?
2
What is